ivided by w.
11
Let x = 160 - 82. What is the remainder when x is divided by 27?
24
Let f(v) = -v - 4. What is the remainder when f(-9) is divided by 4?
1
Let w(n) = -n + 6. Let h be 100/16 + (-3)/12. Let u be w(h). Suppose 2*d = 4, u = 5*z - 10*z - d + 22. What is the remainder when 14 is divided by z?
2
Let r = 39 + -22. Calculate the remainder when r is divided by 6.
5
Let t(z) = 2*z**3 + z**2 - 2*z + 1. Let x be 2 + (2 - (1 + 1)). Let d(k) = -k + 3. What is the remainder when t(x) is divided by d(-3)?
5
Let i(w) = 6*w - 9. Let t(m) = 2*m - 10. Let x be t(7). Suppose -3*q + x*q = 28. What is the remainder when q is divided by i(4)?
13
Suppose 0 = 2*z - 7*z + 85. Let n = 6 + 0. Let u = z - n. What is the remainder when 20 is divided by u?
9
Suppose 0 = -13*t + 9*t + 588. What is the remainder when t is divided by 37?
36
What is the remainder when (-3)/1 + (46 - 8) is divided by 9?
8
Suppose 0 = 5*s - 32 + 7, -q + 29 = 5*s. Let m = -19 - -36. Suppose -4*u - 11 = -q*k - 31, -5*k + m = u. What is the remainder when 19 is divided by u?
5
Let d(t) = t**3 + 4*t**2 - 3*t + 3. Calculate the remainder when d(-3) is divided by (5 - 2) + -4 + 1 + 12.
9
Suppose -3*i = j - 6*j + 6, -5*i = -3*j + 10. Let v(w) = -10*w. What is the remainder when v(i) is divided by 11?
9
Suppose 0 = 2*r - 2 - 2. Let x be 32/18 + r/9. Suppose t + x*t = 39. What is the remainder when t is divided by 4?
1
Let x(z) = 14*z - 5. Let n be x(2). Suppose -5*c + 37 = -n. What is the remainder when c is divided by 7?
5
Suppose 8 - 3 = x. Suppose x*v - 15 = 200. What is the remainder when v is divided by 22?
21
Suppose -g + 3 = 0, 2*d - 2*g - 1 - 3 = 0. Suppose -10 = -d*w, -5*r = 5*w - 14 - 36. What is the remainder when 30 is divided by r?
6
Let f = -19 + 38. Let l be (1 - 1)/(2 + -4). Suppose l*g + 168 = 3*g. Calculate the remainder when g is divided by f.
18
Let o = -11 - 34. Let b be -62 - (4 + (-2)/1). Let v = o - b. Calculate the remainder when 36 is divided by v.
17
Suppose -25 = -5*i + 35. Suppose 4*f - 6*f - i = 0. Let o = 13 + f. Calculate the remainder when o is divided by 5.
2
Let v(y) = -y**3 - 5*y**2 + 4*y - 2 + 7*y**2 - 3. What is the remainder when 10 is divided by v(2)?
1
Suppose 10*z - 13*z = -36. Calculate the remainder when 20 is divided by z.
8
Let u(a) = -a + 3. Calculate the remainder when 49 is divided by u(-10).
10
Let t(b) = -b - 4. Let m be t(-5). Let v = 66 + m. What is the remainder when v is divided by 14?
11
What is the remainder when -6*1/(-3)*11 is divided by (6/4)/((-3)/(-16))?
6
Suppose -q + 4*q = -27. Let k = 23 - q. What is the remainder when k is divided by -2 + -19*2/(-2)?
15
Suppose 3 = -j - 2, -4*b + j + 177 = 0. What is the remainder when 84 is divided by b?
41
Let u(v) be the second derivative of v**4/6 + v**3/3 + 3*v**2/2 - v. Suppose 0 = 548*k - 541*k - 56. What is the remainder when u(-3) is divided by k?
7
Let z = 212 + -151. What is the remainder when z is divided by 16?
13
Let p = -15 - -92. What is the remainder when p is divided by 27?
23
Let k = -6 + 32. Calculate the remainder when 51 is divided by k.
25
Suppose 2*s = -2*s + 24. What is the remainder when (-99)/2*(-4)/s is divided by 9?
6
Let v be (-14)/(-3) - 1/(-3). Suppose -4*i + v = -15. Calculate the remainder when 29 is divided by i.
4
Let k = -48 - -53. Calculate the remainder when 6 is divided by k.
1
Let y(j) = -13*j - 1. Calculate the remainder when y(-7) is divided by 13.
12
Let n(f) = -10*f**3 - 3*f**2 - 6*f + 10. Let r(u) = -7*u**3 - 2*u**2 - 4*u + 7. Let k(m) = -5*n(m) + 7*r(m). What is the remainder when k(3) is divided by 11?
8
Let i(p) = -p - 6. Let n be i(-4). What is the remainder when 31 is divided by 32/3 - n/6?
9
Let x = 53 - 14. Calculate the remainder when x is divided by 10.
9
Let z(b) = b**2 + 5*b - 5. Let p be z(-6). Suppose 0 = -3*k + 3*i + 6, -3*k - 5*i + 5 = -p. Calculate the remainder when 3 is divided by k.
1
Suppose o + 2*j = -2*o + 20, 5*j = -5*o + 35. Let m be o/4 - (-3)/6. Suppose -2*u + 2 = -m. What is the remainder when 2 is divided by u?
0
Suppose -10*a + 16*a - 186 = 0. Calculate the remainder when 57 is divided by a.
26
Let n be 4/18 - (-292)/(-18). What is the remainder when 14 is divided by n/((-1)/(-1) + -3)?
6
Let w = 4 - 2. Suppose -w*h + 6 = -34. What is the remainder when h is divided by 8/36 - (-244)/36?
6
Let t(u) = -u**2 + 11*u - 17. Calculate the remainder when t(7) is divided by 6.
5
Suppose 2*j - 2 - 18 = 0. Calculate the remainder when 18 is divided by j.
8
Suppose 0 = -3*g + 192. What is the remainder when g is divided by 22?
20
Suppose -o - 4*w - w + 107 = 0, 3*o + 2*w = 308. Calculate the remainder when o is divided by 26.
24
Calculate the remainder when (5 - -1 - -1) + (-8)/(-2) is divided by 5.
1
Let h = -41 + 160. Calculate the remainder when h is divided by 30.
29
Suppose -u - 3*d - 9 = 0, 2*d + 22 = 4*u + 2. Suppose u*r = -2*n + 36, 3*n - 3*r = -0*r + 24. Calculate the remainder when 59 is divided by n.
11
Suppose 34*v = 31*v + 204. Calculate the remainder when v is divided by 12.
8
Suppose 5*n - 163 = o + 107, 5*n = 4*o + 255. Calculate the remainder when n is divided by 14.
13
Suppose 0 = -6*f - 9 + 87. What is the remainder when 115/3 - (-2)/(-6) is divided by f?
12
Suppose q = x + 102, -50 = -4*q - 5*x + 376. What is the remainder when q is divided by 18?
14
Let x(l) = l**2 - 6*l - 40. Calculate the remainder when 43 is divided by x(11).
13
Let i = 99 + -69. Suppose 3*w - 110 - 67 = -3*p, p = 3*w - 173. What is the remainder when w is divided by i?
28
Suppose 54 = 5*m - 51. Calculate the remainder when m is divided by 11.
10
Suppose 10*o - 4*o = 6. Suppose 4*q - 4 = 4. What is the remainder when q is divided by o?
0
Suppose -b = -1 - 10. What is the remainder when 32 is divided by b?
10
Suppose -13*b + 11*b = -82. Calculate the remainder when b is divided by 23.
18
What is the remainder when 28 is divided by ((-3)/(-9) + 1)*6?
4
Let z(d) = -9*d + 4. Let v = 0 - 5. What is the remainder when z(v) is divided by 17?
15
Let q(g) = 4*g**2 + g. Let m be q(1). Let s be m - (1 + (0 - 0)). What is the remainder when 4 is divided by s/3 - 2/(-3)?
0
Let c(k) = k**3 - 8*k**2 + 7*k + 3. Let f be c(7). What is the remainder when 54 is divided by f + 4/(-4) + 12?
12
Suppose -22*f + 1410 = -7*f. What is the remainder when f is divided by 8?
6
Suppose 19*v = 104 + 219. Let m = 72 - 39. What is the remainder when m is divided by v?
16
Let x = -6 - -9. Calculate the remainder when x is divided by 3.
0
Suppose 0 = -v, -4*v - 53 = -z + v. Calculate the remainder when z is divided by 15.
8
Calculate the remainder when (18 - 1)*(4 + -3) is divided by 10.
7
Let z(y) = y**2 + 4*y - 1. Suppose -i - 4*d = 5, 3*i - 5*d - 28 + 9 = 0. Calculate the remainder when 38 is divided by z(i).
18
Suppose 4*c + n = 140, -4*n - 26 - 44 = -2*c. Calculate the remainder when 417 is divided by c.
32
Suppose -3*f = 4*y - 73, 0*y + 4*y = 4. Let u = f + 28. What is the remainder when u is divided by 14?
9
Suppose -5*l + 69 + 101 = 0. What is the remainder when l is divided by 19?
15
Suppose q - 1 = b - 3, -3*q + 34 = 5*b. Suppose 0 = l + b - 12. What is the remainder when l is divided by 3?
1
Calculate the remainder when 61 is divided by 27/135 + 78/10.
5
Let k be (-42)/4*264/(-154). Suppose -k + 0 = -x. What is the remainder when 89 is divided by x?
17
Let g(z) = -z + 40. Calculate the remainder when g(17) is divided by 13.
10
Suppose 0 = 5*r - 3*g - 160, 0 = -r - 4*r + g + 170. Suppose 5*q - 125 = -r. Let x = 22 + q. What is the remainder when x is divided by 21?
19
Let v(i) = i**3 - 2*i**2 + 3*i - 3. Let k be v(3). Let g = -4 + k. What is the remainder when 32 is divided by g?
10
Let o = 34 + 9. Suppose 0 = 2*a + 3*a - 5*k - 70, a = 3*k + 6. Let z = a + 4. Calculate the remainder when o is divided by z.
21
Let l(u) = -2*u**2 + 5*u - 3. Let m be l(-5). Let j = -17 - m. What is the remainder when j is divided by 16?
13
Let k = -50 + 131. Calculate the remainder when k is divided by 21.
18
Let v(x) = -x**2 - 14*x + 20. Calculate the remainder when 79 is divided by v(-14).
19
Suppose -2*j + 121 = 3*v, 5*j = 5*v - 283 + 73. Calculate the remainder when v is divided by 11.
8
Let f(y) = -y**2 - 4*y + 3. Let h be f(-4). Suppose 0 = 2*g - h - 11. Calculate the rema